he remainder when j is divided by 24?
21
Suppose 2*l = -3 + 3. Suppose l*x - 68 = -2*x. What is the remainder when x is divided by 9?
7
Let q be 6/27 + (-3030)/27. Suppose -4*j - m + 91 = -6*m, 0 = -4*j + 4*m + 88. Calculate the remainder when (q/10)/((-9)/45) is divided by j.
18
Suppose a + 4*a = -2*m + 89, 0 = 2*m + 2*a - 92. Suppose -4*u + m = p, -3*p = -0*p - 4*u - 93. What is the remainder when p is divided by 13?
9
Let q = 2 - -23. Suppose 0 = -p + 3*s + 1, -4*s + s + 25 = p. Calculate the remainder when q is divided by p.
12
Let o(z) = 4*z - 129. Let g be o(29). Let f = g + 29. Calculate the remainder when 76 is divided by f.
12
Let r be 4/((-16)/(-6))*2. Let a be (r - 4)/(3/18). Let m(j) = -j**2 - 7*j - 2. Calculate the remainder when 9 is divided by m(a).
1
What is the remainder when -1 + 29 - (-14)/7 is divided by 11?
8
Let n(w) = 2*w**2 + 2*w - 35. Let s(u) = u**2 + u - 17. Let x(f) = 4*n(f) - 7*s(f). Calculate the remainder when 26 is divided by x(5).
8
Let b = 22 - 7. Suppose 5*n - 211 - 19 = 0. What is the remainder when n is divided by ((-72)/b)/3*-10?
14
Suppose -1696 = -9*x - 7*x. Calculate the remainder when x is divided by 27.
25
Suppose -7*h + 23 = -12. Suppose -3*n = h*n - 104. What is the remainder when n is divided by 3?
1
Let v(b) = -4*b + 6. Let m be v(0). Let j = 40 + -7. Let z = j - m. Calculate the remainder when 106 is divided by z.
25
Suppose -c - 17 = 5*g - 12, -2*g - 19 = -3*c. Suppose -2*o - 2 = 2, -3*w - 5*o + 101 = 0. What is the remainder when w is divided by c?
2
Let c be 183/(-5) - 2/5. Let g = c + -57. Let p = -55 - g. What is the remainder when p is divided by 14?
11
Let m(d) = 2*d - 6. Let o be m(0). Let f(r) = -r + 6. Calculate the remainder when 34 is divided by f(o).
10
Suppose 5*j - 7*b = -2*b - 30, 0 = -3*j - b - 26. Let l(c) = -c**2 - 7*c + 1. Calculate the remainder when l(-5) is divided by (j/12)/(3 + 56/(-18)).
5
Let d(j) = 30*j - 129. What is the remainder when 165 is divided by d(5)?
18
Let n = -60 - -64. What is the remainder when -4 + n - (-28)/4 is divided by 2?
1
Suppose -4*v - 20 = 0, 4*v - 406 = 3*u - 0*v. Let d = u + 203. Calculate the remainder when d is divided by (-156)/(-10) - 4/(-10).
13
Let a be 1/(-3) - 48/(-36). Calculate the remainder when a/(-2)*-82 + 0 is divided by 24.
17
Let l(y) = 2*y**2 - 56*y + 231. Calculate the remainder when 3 is divided by l(23).
0
Suppose -4*g + 24 = -m + 1, -4*m = -4*g + 20. What is the remainder when (11/(-3))/(g/(-72)) is divided by 15?
14
Let m(i) = i**3 + 21*i**2 + 37*i - 9. What is the remainder when ((-54)/14 - -3)*-21 is divided by m(-19)?
8
Suppose 4*g = -10 - 2. What is the remainder when 5/(10/324) - g is divided by 12?
9
Let o(i) = i**2 - 11*i - 15. Let v(u) = u**2 - 10*u - 16. Let n(l) = 5*o(l) - 6*v(l). Calculate the remainder when n(7) is divided by 6.
1
Suppose -8 + 128 = 8*n. Calculate the remainder when 295 is divided by n.
10
Suppose -k = -18*g + 15*g + 273, 4*g + 2*k = 354. Calculate the remainder when g is divided by 7.
6
Let n(h) = -h**2 + 11*h + 11. Let p be n(11). Suppose -p*y = -5*y. Suppose y = z + 1 - 8. What is the remainder when 11 is divided by z?
4
Let i(y) = -102*y + 28. What is the remainder when i(-2) is divided by 59?
55
Let y = -127 - -148. What is the remainder when 81 is divided by y?
18
Suppose -2*y - 3*y = -0*y. What is the remainder when 34 is divided by -3 + 21*(-2)/(-2) + y?
16
Let b(p) = -p**3 + 5*p**2 + 8*p + 8. Let m be b(6). Let r = 20 + m. What is the remainder when 78 is divided by r?
38
Let f be (-1 - 71)*(-15)/4. Suppose -4*d - n + f = -54, -3*d + 5*n = -220. What is the remainder when d is divided by 17?
12
Let r = -1436 + 1448. What is the remainder when 443 is divided by r?
11
Suppose -330 = -31*f + 26*f. What is the remainder when f is divided by 4?
2
Let p(n) = n**3 - 6*n**2 + 2*n - 6. Let o(l) = -l**2 + 0*l + 0*l - 10 - 10*l. Calculate the remainder when o(-6) is divided by p(6).
2
Let g = 13 - -36. Let d be (189/(-6)*-1)/((-27)/(-72)). Let v = -58 + d. What is the remainder when g is divided by v?
23
Suppose -12 = 9*h - 3*h. What is the remainder when (3 + h)/(2/54) is divided by 8?
3
Suppose -2*y + 7*y - 70 = 0. Suppose -i = 11 - y. Suppose -f = -5*f + 24. Calculate the remainder when f is divided by i.
0
Let b(t) = 2*t**2 - 5*t - 58. Calculate the remainder when 47 is divided by b(-5).
13
Let x be (39/26)/((-6)/16). What is the remainder when ((-2)/6)/(x/204) is divided by 2?
1
Let q = -16 - -16. Let n = 1 - q. Let r(j) = 36*j - 1. What is the remainder when r(n) is divided by 12?
11
Let w = 27 - 22. Suppose -73 = -3*u + w*r, 2*r - 1 + 43 = 2*u. Calculate the remainder when 30 is divided by u.
14
Let o = 19 - -63. Let w = -75 + o. What is the remainder when 26 is divided by w?
5
Let v = 23 - 27. What is the remainder when 10 is divided by (0 + 3 + v)*-7?
3
Suppose -7*q = -12*q + 2*u + 2099, u - 1266 = -3*q. What is the remainder when q is divided by 25?
21
Calculate the remainder when 34/221 - 583/(-13) is divided by 14.
3
Let y = -996 + 1062. What is the remainder when 461 is divided by y?
65
Suppose v = 1 + 1, 5*i - 12 = -v. Suppose i*r + 4 - 20 = -k, -r + 62 = 5*k. Calculate the remainder when (-8 + 1)*(-4 - 1) is divided by k.
11
Suppose 29 - 125 = -2*y + 5*a, 0 = -a - 2. Let r = y + -30. What is the remainder when 37 is divided by r?
11
Calculate the remainder when 44 is divided by (-103 + -1)/(-4) + 0 + 0.
18
Suppose 5*h = 5*y + 285, -118 = -2*h - 6*y + 9*y. Calculate the remainder when h is divided by 29.
24
Calculate the remainder when 215 is divided by (32 + (-98)/7)*(0 - -2).
35
Suppose -3*h - 37 = -361. Let y = -61 + h. What is the remainder when y is divided by 17?
13
Let t(w) = 13*w - 2. Let k(s) = 40*s - 2. Let z be k(1). Suppose -3*i - 4*x = -z, 3*i - x - 2 = 26. Calculate the remainder when t(3) is divided by i.
7
Suppose 2*w - 12 = m, -2*w = -m + 5*m + 18. Let j = m + 47. What is the remainder when 121 is divided by j?
39
Let c = 1552 + -1518. What is the remainder when 438 is divided by c?
30
Let k(c) = c**2 + 10*c + 3. Let h be k(-10). Let f(v) = 3*v**2 - v - 7. Calculate the remainder when f(-5) is divided by ((-1)/h)/(9/(-513)).
16
Let p(u) = -u**3 + 9*u**2 - 6. Let h be p(9). What is the remainder when ((316/h)/(-1))/(76/228) is divided by 32?
30
What is the remainder when 3 + 38 - 0 - 0 is divided by 6?
5
Suppose 60 = -22*t + 26*t - 4*y, y - 13 = -t. Calculate the remainder when 181 is divided by t.
13
Let s(w) = -w + 8. Let y be s(0). Suppose 3*b - y*b + 882 = i, -3*b - 5*i + 516 = 0. Calculate the remainder when b is divided by 47 - (4 + (-46)/10)*(-60)/18.
42
Suppose 19*n - 3201 - 2176 = 0. What is the remainder when n is divided by 15?
13
Let z(m) = -m**3 + 7*m**2 + 7*m. Let k be z(6). Let h be -2 + k + (-2 - -1). Let i = 132 - h. Calculate the remainder when i is divided by 30.
27
Let f(a) = a**3 + 2*a**2 - 4*a + 5. Let b be f(-5). Suppose v + 36 = 2. Let c = v - b. Calculate the remainder when 63 is divided by c.
15
Let c = 550 - 256. What is the remainder when c is divided by 74?
72
Let y(t) be the second derivative of t**4/6 + t**3/6 + 4*t**2 - 14*t. What is the remainder when 53 is divided by y(3)?
24
Suppose 299*m = 291*m + 1096. What is the remainder when m is divided by 14?
11
Suppose 100 = 2*p + h, 123 = 2*p + 5*h + 15. Let o = -21 + 38. Calculate the remainder when p is divided by o.
15
Let h = 401 + -298. Calculate the remainder when h is divided by 55.
48
Let r(x) = x**3 + 5*x**2 - 12*x - 11. Let j be r(-6). Let w = 34 - j. Calculate the remainder when w is divided by 9.
0
Let p = 1381 - 1369. What is the remainder when 1943 is divided by p?
11
Suppose -4*p + 30 = -3*p. Let y = 122 - 63. Calculate the remainder when y is divided by p.
29
Let z = -7 - -9. Let b(r) = -r + 7. Let n be b(5). Let v = n + 0. What is the remainder when z is divided by v?
0
Suppose 5*x = -5*n + 26 + 54, 5*n - 3*x = 72. Calculate the remainder when 143 is divided by n.
8
Suppose -y + 37 = -33. Calculate the remainder when y is divided by (32 - 6) + (-9 - -7).
22
Let r be 3/(-5) - (-23)/5. Suppose -a - 2*y + 79 = 4*a, -5*a + 73 = r*y. Calculate the remainder when a is divided by 9.
8
Suppose -2*b - v = -3*b + 15, -4*v = 5*b - 66. Suppose 3*k + 0*k + 9 = 0, 4*k + 48 = t. Ca